e -7 + (10 - 6) + 3 + 0.
0
What is the value of (2 - (4 - (0 + -1))) + 0?
-3
What is (4 + -7 - -6) + -2?
1
What is (2 - -9) + -16 + 11?
6
Evaluate -4 + 1 - (-6 + 0) - -2.
5
Evaluate 2 + 2 + -3 + 0.
1
What is the value of (-89 - -98) + -5 + 0 + 1?
5
(-2 - -8 - 1) + -1 + 0
4
Evaluate 16 + 0 + -3 - (-2 + 7).
8
What is 0 + -1 + 1 + 2?
2
Calculate -11 - (-5 - (-1 - -10)).
3
Evaluate 0 + (-5 - -3 - 4 - -2).
-4
Evaluate 0 + (-5 - (-1 - 5)) + 2.
3
What is the value of -3 - -5 - (10 - (-3 + 8))?
-3
Evaluate 1 + (-3 - -6) + -3.
1
What is the value of (-4 - -8 - 10) + -1 + 0?
-7
What is -2 - 1 - (2 - -2 - 5)?
-2
Evaluate 38 + -38 - (3 - -1).
-4
What is 3 - ((-8 - 1) + (8 - 0))?
4
What is (-3 - -3) + (-1 - 4)?
-5
Calculate -2 - 0 - ((2 - 5) + 7).
-6
Evaluate 10 + (2 - 2) - (13 + -8).
5
Calculate 5 - ((1 + 3 - -4) + 3).
-6
Evaluate 2 - ((2 - 0) + -13 + 17).
-4
-5 - (2 - 1) - (6 + -17)
5
What is -2 + -8 + 6 - -5?
1
Evaluate -4 + 3 + 4 + -4.
-1
Evaluate (1 - 3) + (1 - -5) + -3.
1
What is the value of 7 - 3 - 0 - -1?
5
What is the value of (8 + -5 - 4) + (0 - 2)?
-3
-4 - ((-5 - (-9 - -4)) + -11)
7
What is the value of 97 + -108 - (1 - 7)?
-5
What is the value of (-20 - -10) + 2 - (0 - 4)?
-4
Calculate -52 + 47 - (-9 - 1).
5
Evaluate 5 - (5 + (-7 - -6)).
1
Evaluate -6 + (10 - (-5 + 10)).
-1
(-19 - (-16 + 6)) + 1
-8
(1 - -2 - 2) + 4
5
What is the value of 1 - ((4 - 1) + -6 + 0)?
4
What is the value of -4 + (-7 - -2) + (-5 - -17)?
3
Calculate -2 + 6 + -4 + -1.
-1
Evaluate -4 - (-11 + 9) - 3.
-5
What is the value of -2 + -9 - (-40 - -23)?
6
Evaluate (-1 - (4 - 3) - -6) + 1.
5
What is the value of 25 - 27 - (-2 + (6 - 0))?
-6
What is the value of 2 + (-1 - 3) - 0?
-2
Calculate 1 + -5 + (14 - (0 + 5)).
5
Calculate (-16 - (-7 + 0)) + 5.
-4
Calculate 9 + -4 - (0 + 9).
-4
Evaluate 2 - 13 - (-13 + -2).
4
What is the value of (-6 + 9 - 18) + 11?
-4
Evaluate 0 + 2 - (17 - 14).
-1
Calculate 6 - (11 + (-19 - -4)).
10
0 - (-1 + -4) - 7
-2
What is 3 + (2 - (5 - 5))?
5
Evaluate 2 + (-5 - -2 - -4) + -1.
2
What is the value of 3 - 9 - (-1 + -2)?
-3
Calculate 4 + 9 + -4 + -6.
3
Evaluate 5 + (-4 - -5 - 4).
2
What is the value of 5 - (-7 - (6 + -20))?
-2
Evaluate (-5 - (4 + -11 + 5)) + 5.
2
-8 + 20 - (-5 - -24)
-7
(7 - (2 - 0)) + 4 + -7
2
What is 3 + -7 + (7 - 10)?
-7
-27 + 19 - (-3 + -2)
-3
Evaluate -6 - (-5 + -3 + 5).
-3
Evaluate -8 + 9 - (1 + -1).
1
Calculate -1 - (5 + 1 - (5 - 3)).
-5
Calculate -6 - (-2 - 0 - (7 - 8)).
-5
What is the value of 2 - (-1 - (1 + (2 - 4)))?
2
Evaluate 1 - (5 - 4 - 1).
1
-10 + 4 + (2 - -6)
2
What is the value of 5 + (1 - -2) + 5 + -9?
4
What is the value of (2 - (-4 + 1)) + -1?
4
Calculate -13 + (16 - 6) - (-1 - -1).
-3
Calculate -1 + (3 - (3 + 2)).
-3
Calculate (2 - 3) + (2 - 6).
-5
(-78 - -75) + 4 + 1
2
3 - 2 - 2 - 4
-5
-1 + 0 + 7 + -1
5
What is the value of (2 + -3 - 2) + 8 + -2?
3
What is the value of (18 - 21) + (2 - (3 - -1))?
-5
Calculate (-13 - -9) + -2 + 0 + 0.
-6
Evaluate -12 + -3 + -5 + 17.
-3
What is the value of -2 + (-7 - 4) - (-6 + 0)?
-7
(-7 - -8) + 0 + (2 - -1)
4
Calculate -2 + 4 + 1 + 1 + -2.
2
Evaluate 1 - -1 - 0 - 2.
0
Calculate 4 + (0 - (1 + -7) - 6).
4
What is 2 + 7 + 8 + -15 + -4?
-2
-3 + -2 + -2 + 2 + -1
-6
Calculate 1 + -4 + (3 + -8 - -3).
-5
What is (2 - 1) + 0 - -4?
5
What is the value of (3 - 11 - (0 - 8)) + 3?
3
What is (-2 - -4) + -9 - (-4 + 0)?
-3
Evaluate -13 - (6 - 15) - -2.
-2
0 + 12 + -14 + 8
6
What is -1 + -1 + 6 + -2?
2
Calculate 10 + -5 + -5 + 4.
4
Evaluate 11 + (3 - (5 - -4)).
5
What is (31 - 36) + (0 - -1)?
-4
What is (-2 - 0) + (-11 - -19)?
6
Evaluate -5 + (-1 - (-6 + -1 + 4)).
-3
What is the value of -3 + (18 - 2 - 8)?
5
-1 - ((-1 - -2) + -4)
2
What is 0 + (1 - 4 - 0)?
-3
What is (-11 - -3) + 2 + -6 + 4?
-8
13 + -12 + 6 + -1
6
-1 - -14 - (-52 - -59)
6
What is the value of 21 - (12 + -9) - 12?
6
What is (3 - 3) + (-1 - 1) + 5?
3
Evaluate -10 + 2 - (-1 + -3) - 0.
-4
What is the value of -2 - (3 + -5) - (-6 + 4)?
2
What is -4 + 5 + 2 - 5?
-2
Evaluate 8 - (-2 + 1 + 4).
5
Calculate (4 - 0) + -1 + -1 - -2.
4
What is the value of (-5 - (6 - 7)) + -1 + 2?
-3
Evaluate (6 + 5 - 5) + -10 + 3.
-1
What is (-4 - (4 + -8)) + 0 + 2?
2
Evaluate 536 + -540 + 9 + (2 - 1).
6
Calculate 6 + 0 + (-35 - -35).
6
Evaluate 0 - 0 - (-21 - -26).
-5
Evaluate -3 - (6 - (-6 - -10)).
-5
What is the value of 11 + -5 - (-1 + 2) - 5?
0
What is -25 - -38 - (3 + 3)?
7
-5 + 13 + -10 - -10
8
Calculate (10 - (21 - 10)) + -3.
-4
(3 - 3 - 4) + 4 - -5
5
What is the value of (13 - 8) + (-5 - -1)?
1
What is -5 + -11 + (2 - (-6 + 1))?
-9
Calculate (8 - 6 - 10) + 6.
-2
What is the value of -8 + 12 + -8 - (-1 - 3)?
0
-2 - 0 - 5 - -4
-3
Evaluate -4 + (-2 + 4 - (-1 + -4)).
3
-11 + 13 - (-6 - -3)
5
Evaluate (6 - 14) + 11 - (2 + 2).
-1
What is 0 - (1 - 2) - -1?
2
What is the value of -2 + (-4 + 8 - 6)?
-4
Calculate -2 - (12 + -12 - -3).
-5
What is the value of 3 - -1 - -4 - 10?
-2
What is (-5 - (3 + -11)) + -10 + 2?
-5
Evaluate -5 + -3 + 4 + -3 + 2.
-5
Calculate 6 - 9 - (6 + -5).
-4
Calculate 1 + 2 + (-5 - -2) - -2.
2
Evaluate -4 + 1 + (142 - 132).
7
Evaluate 6 + 1 + 1 - (3 - -2).
3
Calculate 1 + -2 + 26 + -31 + 7.
1
Evaluate -1 + 0 + 2 + -15 + 11.
-3
Calculate 0 + (0 - 8) + (28 - 24).
-4
2 - 5 - (3 - (0 + 4))
-2
Calculate -9 - -4 - (-1 - 3).
-1
Calculate -6 - (6 - (21 + -7)).
2
What is the value of 56 - 57 - (-2 - 1 - 1)?
3
-16 - -14 - (-8 - (-1 - 3))
2
-2 - (5 - 2) - (2 - 4)
-3
Calculate (2 - (-1 + 6)) + 0.
-3
What is the value of 2 - (2 + -5 - -10) - -2?
-3
Evaluate -7 - -9 - (3 + -2).
1
What is -2 - 0 - (9 - 8)?
-3
(7 - (6 + -9)) + -5 + 0
5
Evaluate (-1 - -3) + 1 - 5.
-2
(-9 + 6 - (-1 - 0)) + 1
-1
What is the value of 0 + -6 - (-8 + 14 - 9)?
-3
10 + (-6 - -11) + -12
3
Calculate -12 - (-25 - (-11 + 2)).
4
Evaluate (4 - 5) + 8 + (-8 - -3).
2
Calculate 4 + 2 + -6 + 4.
4
What is the value of 2 + -3 - -4 - (7 + -9)?
5
Evaluate -2 - (3 - -5 - 10).
0
What is 2 + (-7 + 7 - (3 + -2))?
1
What is the value of (-3 - 3) + 2 + 2?
-2
What is the value of -1 + -2 - (-1 - -1)?
-3
What is the value of -5 + 7 + (8 - 0) + -3?
7
What is the value of 2 + (-6 - -8) + 1?
5
Calculate -9 + 4 + 0 + 19 + -25.
-11
(-1 - 1) + (29 - 25) + -1
1
Evaluate 6 + (4 - 17) - (-7 + 1).
-1
Evaluate -29 + 15 + 14 + -9.
-9
What is (0 - 21) + 4 + 9?
-8
What is 1 + -6 - (-7 + (-2 - -3))?
1
What is (6 - ((-1 - 0) + 2)) + 1?
6
Calculate -8 + 0 + 2 + -96 + 98.
-4
-3 - ((-12 - -4) + 3)
2
What is 0 + (0 - (0 - 1))?
1
Calculate (-3 - 2) + 1 - (5 - 8).
-1
Calculate 0 + -2 - 3 - -6.
1
5 + (-3 - -4) - 1
5
What is the value of -2 + (-4 - -3) + 3 + 4?
4
What is the value of -2 - (-7 + -1) - (8 + -5)?
3
Evaluate -5 + (-2 - -2) + 3.
-2
Calculate (1 - -2) + -9 + 14.
8
Calculate -1 + (13 - -3) + -9.
6
-5 - -7 - (4 - (-2 - -7))
3
Calculate 0 + 4 - (6 - 2) - -2.
2
Evaluate -5 + (-1 - (-1 + 1)) + 5.
-1
3 + 2 - (6 - (7 + -2))
4
Calculate 0 + (-1 - -4) + 1.
4
Evaluate -11 + 9 + -1 + (0 - -6).
3
What is 4 + (-1 - 5) + 2?
0
Calculate (5 - (8 - 3)) + 0.
0
Evaluate 4 + (8 - (4 - -7)).
1
Calculate -4 + 0 + 3 - (1 + -2).
0
What is 14 - (-6 - -8) - 19?
-7
What is (-2 - (1 - 1)) + -1 - -8?
5
(-2 - ((5 - 3) + -5)) + -3
-2
What is -1 - 0 - (-4 + 0 + 0)?
3
Calculate 0 - -6 - (-4 - -3 - -3).
4
What is 6 + -15 + 5 + 1?
-3
(0 - -7 - 8) + 8
7
-9 + 5 + 0 - (-10 + 3)
3
What is (-1 - -1) + (-8 - -7)?
-1
Evaluate 5 + -5 + 0 - -4.
4
What is (-9 + 1 - -10) + (-2 - 2)?
-2
What is the value of (-8 - (-15 + 7)) + -1 + 2?
1
Evaluate 8 - (-6 + 15 - -6).
-7
Evaluate 1 - (1 - (6 + -5)).
1
What is 3 - (1 + 7 - 7)?
2
What is the value of -7 + (7 - (5 + 4))?
-9
What is the value of 11 + -18 + (1 - -3) + 4?
1
Calculate -6 + (-2 - 2 - -5).
-5
What is the value of (6 - (-5 - -3)) + -3?
5
What is (67 - 71) + (12 - -1)?
9
Calculate -21 - -19 - (-1 + -6 - -1).
4
-6 - ((5 - 6 - 4) + 0)
-1
What is -3 - (-2 + (-3 - 0))?
2
Evaluate (2 - 10) + (0 - (1 - 6)).
-3
What is the value of 0 - (1 - 0) - -4?
3
Evaluate -1 + 0 + (1 - (-2 + 6)).
-4
Evaluate 7 + 7 + -16 + (-2 - -5).
1
Calculate -3 + (4 - 2) + 1 + -3.
-3
10 + 2 + -6 + -2
4
Evaluate -60 - -70 - (-2 + 20).
-8
Evaluate -5 - ((5 - 18) + 3 - 3).
8
Evaluate 1 + (-2 - (-3 - 8)).
10
1 - -3 - (-15 + 21) - 5
-7
What is -6 - (4 + -3 + -3)?
-4
What is (1 - 0) + (-2 - -2)?
1
Calculate -8 - -1 - (-14 + 12).
-5
Evalua